composite number?
False
Is 28463 a composite number?
False
Is 6599 prime?
True
Is 25341 a composite number?
True
Is 597967 a composite number?
False
Is 5114 a prime number?
False
Is 230981 a prime number?
False
Is 105297 composite?
True
Is 41443 a composite number?
False
Is 246073 composite?
False
Is 446 prime?
False
Is 8513 composite?
False
Is 2609 a composite number?
False
Is 17809 composite?
True
Is 4007 a prime number?
True
Is 787197 composite?
True
Is 24733 a prime number?
True
Is 3943 a composite number?
False
Is 262897 prime?
True
Is 54709 a composite number?
False
Is 32173 prime?
True
Is 17783 composite?
False
Is 557 a composite number?
False
Is 1749529 prime?
True
Is 256429 a composite number?
True
Is 55073 composite?
False
Is 72521 composite?
True
Is 71047 a composite number?
True
Is 1476857 a composite number?
False
Is 118115 prime?
False
Is 2399 a composite number?
False
Is 26259 a composite number?
True
Is 528041 prime?
True
Is 5627 prime?
False
Is 393502 composite?
True
Is 175943 composite?
True
Is 356441 prime?
True
Is 186619 prime?
True
Is 1067 a composite number?
True
Is 1135757 a composite number?
True
Is 10403 a composite number?
True
Is 23105 a prime number?
False
Is 14203 a prime number?
False
Is 18453 a composite number?
True
Is 758 a prime number?
False
Is 7639 a prime number?
True
Is 275447 a composite number?
False
Is 6593 composite?
True
Is 18429 prime?
False
Is 3799 composite?
True
Is 161209 a prime number?
False
Is 45281 a composite number?
False
Is 400559 a prime number?
True
Is 88571 a composite number?
True
Is 7433 prime?
True
Is 12031 a prime number?
False
Is 82019 composite?
True
Is 157283 a composite number?
True
Is 6247 composite?
False
Is 5219 a composite number?
True
Is 1632559 a prime number?
False
Is 46439 a composite number?
False
Is 5639 a prime number?
True
Is 378127 prime?
True
Is 3181 a prime number?
True
Is 455303 prime?
False
Is 1511 a composite number?
False
Is 36911 prime?
False
Is 32313 a composite number?
True
Is 251281 a composite number?
True
Is 33101 a prime number?
False
Is 78359 a composite number?
True
Is 35831 a composite number?
False
Is 4819 a prime number?
False
Is 32407 a prime number?
False
Is 8141 a composite number?
True
Is 71633 a composite number?
False
Is 513829 a composite number?
False
Is 31751 prime?
True
Is 61871 a prime number?
True
Is 1003 composite?
True
Is 18617 prime?
True
Is 84191 a prime number?
True
Is 141409 a prime number?
False
Is 48383 composite?
False
Is 780473 a composite number?
True
Is 48079 a composite number?
False
Is 1954 a prime number?
False
Is 913058 a composite number?
True
Is 108041 a prime number?
True
Is 10477 prime?
True
Is 138055 prime?
False
Is 9643 a prime number?
True
Is 31303 prime?
False
Is 26947 prime?
True
Is 536695 a prime number?
False
Is 10007 prime?
True
Is 210437 prime?
True
Is 14954 a composite number?
True
Is 22315 a composite number?
True
Is 7031 a prime number?
False
Is 211 composite?
False
Is 329779 composite?
False
Is 247823 composite?
True
Is 2377087 composite?
True
Is 8509 a composite number?
True
Is 2927 prime?
True
Is 19315 composite?
True
Is 41219 a prime number?
False
Is 54517 a composite number?
False
Is 2453 a prime number?
False
Is 18857 prime?
False
Is 240101 a composite number?
False
Is 452759 composite?
False
Is 3793 composite?
False
Is 14369 a composite number?
False
Is 155251 a composite number?
False
Is 57983 prime?
False
Is 2209 prime?
False
Is 137209 a composite number?
False
Is 697303 a composite number?
False
Is 18107 a composite number?
True
Is 8951 a prime number?
True
Is 939553 composite?
True
Is 10849 a prime number?
False
Is 5779 a composite number?
False
Is 284629 composite?
True
Is 1793 prime?
False
Is 818561 composite?
False
Is 80611 prime?
True
Is 3803 a composite number?
False
Is 13511 prime?
False
Is 25151 a composite number?
True
Is 46 composite?
True
Is 371 a composite number?
True
Is 1007 a prime number?
False
Is 56629 composite?
False
Is 15727 a composite number?
False
Is 220538 a composite number?
True
Is 3269 prime?
False
Is 189077 prime?
False
Is 241861 a composite number?
False
Is 56839 composite?
True
Is 11777 composite?
False
Is 32411 prime?
True
Is 47251 prime?
True
Is 93257 a prime number?
True
Is 4762 prime?
False
Is 89151 composite?
True
Is 246443 composite?
True
Is 47471 a composite number?
True
Is 2613503 a composite number?
False
Is 110089 composite?
True
Is 39499 prime?
True
Is 14461 prime?
True
Is 460697 composite?
False
Is 186209 prime?
False
Is 252082 a composite number?
True
Is 105919 a composite number?
True
Is 259537 a composite number?
False
Is 17341 composite?
False
Is 97 composite?
False
Is 10183 prime?
False
Is 24901 composite?
True
Is 33377 a prime number?
True
Is 104827 a composite number?
False
Is 404941 prime?
True
Is 2659 prime?
True
Is 308755 prime?
False
Is 123343 composite?
True
Is 1363343 prime?
False
Is 5549 a composite number?
True
Is 563533 a composite number?
True
Is 82867 a prime number?
False
Is 112319 prime?
False
Is 491077 a prime number?
False
Is 6761 a prime number?
True
Is 376773 composite?
True
Is 28869 a composite number?
True
Is 101782 a composite number?
True
Is 251809 a composite number?
False
Is 31359 composite?
True
Is 3687 a composite number?
True
Is 288007 composite?
False
Is 155729 a composite number?
True
Is 335903 prime?
False
Is 12071 prime?
True
Is 2083657 a prime number?
False
Is 14273 a composite number?
True
Is 9851 prime?
True
Is 184111 a prime number?
True
Is 45703 prime?
False
Is 6127 a composite number?
True
Is 26661 a prime number?
False
Is 3694 composite?
True
Is 18439 a prime number?
True
Is 37279 a prime number?
False
Is 43573 a prime number?
True
Is 163973 prime?
True
Is 12941 a composite number?
False
Is 35063 a composite number?
True
Is 711163 a composite number?
False
Is 78133 a prime number?
False
Is 1716163 a prime number?
True
Is 871229 a prime number?
True
Is 614 a composite number?
True
Is 180871 a prime number?
True
Is 41721 composite?
True
Is 12179 a prime number?
False
Is 170567 a prime number?
False
Is 11983 composite?
True
Is 25523 a prime number?
True
Is 139597 a composite number?
False
Is 104459 a composite number?
False
Is 5531 a composite number?
False
Is 7283 a composite number?
False
Is 13201 a composite number?
True
Is 1793 prime?
False
Is 5347 composite?
False
Is 1931 composite?
False
Is 200569 prime?
True
Is 1492133 a prime number?
True
Is 2594859 prime?
False
Is 246877 prime?
False
Is 146501 composite?
True
Is 166189 composite?
False
Is 400429 a prime number?
True
Is 2591363 a composite number?
False
Is 37319 prime?
False
Is 11391 prime?
False
Is 1495679 a composite number?
True
Is 587 prime?
True
Is 129097 a prime number?
True
Is 189263 a prime number?
False
Is 84377 composite?
False
Is 138353 composite?
True
Is 17201 a prime number?
False
Is 198539 composite?
True
Is 161183 composite?
True
Is 65371 a prime number?
True
Is 140297 a composite number?
False
Is 778 prime?
False
Is 3937 a composite number?
True
Is 6899 a composite number?
False
Is 4049 prime?
True
Is 1117 prime?
True
Is 562181 prime?
True
Is 261977 a composite number?
False
Is 2939 prime?
True
Is 25031 prime?
True
Is 5194183 prime?
False
Is 478603 composite?
False
Is 14461 prime?
True
Is 5639 a prime number?
True
Is 47189 a prime number?
True
Is 746851 a prime number?
False
Is 89743 composite?
True
Is 259117 prime?
False
Is 21653 composite?
True
Is 3313 a composite number?
False
Is 9565 composite?
True
Is 262645 prime?
False
Is 1597 a composite number?
False
Is 136771 composite?
True
Is 336757 composite?
False
Is 13911 a prime number?
False
Is 34399 prime?
False
Is 107611 prime?
False
Is 826651 a prime number?
False
Is 2103 a prime number?
False
Is 178681 prime?
True
Is 80167 composite?
False
Is 39049 composite?
True
Is 281419 composite?
False
Is 8794 a composite number?
True
Is 800849 a prime number?
False
Is 57089 a composite number?
False
Is 79171 a composite number?
True
Is 749 a prime number?
False
Is 221873 prime?
True
Is 58207 composite?
False
Is 41353 a composite number?
True
Is 7631 a prime number?
False
Is 1514 a composite number?
True
Is 57898 composite?
True
Is 434197 composite?
True
Is 26203 composite?
False
Is 81521 prime